 = 80 - h. Let q(x) = -98*x. What is the units digit of q(m)?
8
Suppose 79*k = 5*k - 13*k + 1107771. What is the units digit of k?
3
Let x be -215*2/(-20)*-4. Let z = x + 97. What is the units digit of z/(-22)*(-3 - 1)?
2
Suppose -2*q + 13 + 63 = 0. Let l = q + -19. Let p = 39 + l. What is the tens digit of p?
5
Let d = 72 - 367. Let m be (-3 + 4)*(1 + 0) - d. Suppose 0*o + 2*o + 5*l = m, 5*l + 20 = 0. What is the units digit of o?
8
What is the thousands digit of (-5 - -8764) + (-19 - -1)?
8
Suppose -14939 = -7*g + 10439 + 19632. What is the hundreds digit of g?
4
Suppose 4*l - 4*n - 41 = -7*n, -3*l = 5*n - 28. Let y = l + -11. Suppose 2*w - b - 103 = y, b - 131 = -4*w + 60. What is the units digit of w?
9
Suppose 12*i + 22*i - 1066784 = 0. What is the tens digit of i?
7
Let u(q) = -1634*q + 865. What is the hundreds digit of u(-21)?
1
Let a(p) = 3*p**2 - 31*p + 8. Let y be a(10). Let h be (8904/4 - -3)*y/(-6). Suppose 6*o - h = -47. What is the tens digit of o?
1
Suppose 40922 = -74*x + 111*x. What is the units digit of x?
6
Let y(g) = -71*g + 3108. Let i(x) = 36*x - 1556. Let h(p) = -5*i(p) - 2*y(p). What is the units digit of h(0)?
4
What is the units digit of (-49168)/(-6)*(711 - 708)?
4
Suppose 0 = -3*g - 15, 12*g = -2*k + 8*g + 27708. What is the ten thousands digit of k?
1
Suppose 8*l - 35 = l. Let x(p) = 37*p + 12. Let m be x(l). Suppose -2*b = 3*q - m, -2*b - 4*q + 137 = -63. What is the tens digit of b?
9
Let a = 14565 + -9411. What is the thousands digit of a?
5
Suppose 169 = 31*q - 203. Suppose 0 = q*l - 17*l + 8525. What is the units digit of l?
5
Let j(b) = -b**3 + 2*b**2 + 8*b + 6333. What is the units digit of j(0)?
3
Let b be (5*(-86)/(-2))/5. Suppose 6160 = b*g - 15*g. What is the hundreds digit of g?
2
Let y(x) = 4*x**2 - 168*x + 87. What is the tens digit of y(43)?
5
Let y be (3 + (-2186)/(-4))*-2*-3. What is the hundreds digit of (-7)/((-49)/y) + -4?
4
Suppose -9035 = -h + 2*v, -h - 3*v - v + 9059 = 0. Suppose 0 = 12*k - 1709 - h. What is the units digit of k?
6
What is the units digit of (-3)/1 + (-314376)/(-24) + (-3 - -1)?
4
Let b(u) = -u**3 + 8*u**2 + 5. Let y be b(8). Let t(x) = -8*x**2 - 18*x**3 - 4*x + y + 17*x**3 + x**2. What is the units digit of t(-8)?
1
What is the thousands digit of 4180 + (-10)/5 + 9 - (0 - -4)?
4
Suppose -28*b = -249775 + 109461 - 410782. What is the ten thousands digit of b?
1
Suppose 3*w - 8 = 1. Suppose w*g = -4*g + 777. Suppose -4*u = -g - 25. What is the units digit of u?
4
Suppose 2*c + 4 = 0, -4*x + 3*c = 47 - 13. What is the units digit of (3/2)/(5/x) + 124?
1
Suppose -3 + 8 = u. Suppose -45 = -4*n + 3*z + 15, 3*n - u*z - 56 = 0. Suppose 6*o = 3*o - n, 5*t + 2*o = 457. What is the units digit of t?
3
Let o(l) = 1464*l**2 - 28*l - 55. What is the units digit of o(-2)?
7
Suppose 232629 = -42*w + 2926551. What is the hundreds digit of w?
1
Suppose -2*t + 3528 = 3*y - 2808, -t + 4*y + 3157 = 0. What is the tens digit of t?
6
Suppose -21*n = -13*n - 45408. Suppose -14*l = -3*l - n. What is the units digit of l?
6
Let t = -4 - -7. Suppose -w - 838 = -t*x, 3*x - 229 = -2*w + 597. Let a = x + -188. What is the units digit of a?
0
Let f(v) = 5*v**2 + 14*v + 13. Suppose 0 = -8*y - 82 + 18. Let p be f(y). Let c = -156 + p. What is the units digit of c?
5
Let m = 46 - 45. Let x be (m - (-15)/(-21))*(1 + 13). What is the tens digit of ((-22)/x)/(11/(-66))?
3
What is the thousands digit of ((-2)/4)/((-339)/13324734)?
9
Let f(v) = -20*v**3 + 28*v**2 + 271*v - 10. What is the hundreds digit of f(-8)?
8
What is the thousands digit of 7389440/120 - (-80)/15?
1
What is the hundreds digit of 2/(-14)*6310*(-21)/6?
1
Suppose 391804 - 88088 = 14*h. What is the thousands digit of h?
1
Let i(o) = -293*o**3 + o**2 + o + 1. Let j be i(-1). Suppose -3*y + j = -k, 3*k = -y + 92 - 4. Let c = 167 - y. What is the tens digit of c?
7
What is the ten thousands digit of ((-269904)/72)/((-20)/150)?
2
Suppose -44*b - 10*b = -502709 - 1810867. What is the hundreds digit of b?
8
Let c be ((-1)/2*0)/(3 - 1). Suppose c = -7*h + 13 + 43. Suppose 380 = h*s - 4*s. What is the tens digit of s?
9
Let k(n) = -n**3 - 11*n**2 - 20*n - 28. Let y be k(-11). Suppose -3*p + v = -149, -4*p - 4*v + 2*v + y = 0. What is the tens digit of p?
4
Suppose 4*q - q - 12 = -3*o, -2*q = -5*o + 20. Let v = 33 + q. Suppose -48 = -3*u + v. What is the tens digit of u?
2
Suppose -167*y + 1564446 = -89*y. What is the hundreds digit of y?
0
Suppose -25 = -10*m + 25. Suppose m*w = 29 + 56. Suppose 0 = w*u - 11*u - 402. What is the units digit of u?
7
Let s = 64 - 48. Suppose 5*l - 6 = -s. What is the tens digit of (l - -217) + 5/(-15)*3?
1
Suppose -2*l + 7*l + 20 = 0. Let m be (-6)/(16 - 4) - 514/l. Let f = m - 59. What is the units digit of f?
9
Suppose 0 = 11*f - 2*f - 45. Suppose 5 = f*c, -w + 2*c = c - 304. Let y = 494 - w. What is the units digit of y?
9
Let t be 2956 + 8/20*10. What is the tens digit of t/(-111)*(-12)/10?
3
Let j(p) = 8*p**3 - 8*p**2 - 2*p - 7. Let k(r) = 17*r**3 - 18*r**2 - 4*r - 15. Let i(m) = -5*j(m) + 2*k(m). What is the units digit of i(-4)?
5
What is the tens digit of (-2 + -32)*((4 - 0) + 2871/(-6))?
3
Let k(l) = -14*l**2 + 11*l + 19. Let v be k(-6). Let t = v - -1049. What is the units digit of t?
8
Let c(a) = -a**2 - 15*a - 4. Let o be c(-13). Suppose -o*g + 56193 = 21763. What is the thousands digit of g?
1
Let h = -66 - -224. Let l = h - 73. Suppose 0 = -2*o + 283 - l. What is the units digit of o?
9
Suppose 425*a = 344*a + 1506276. What is the hundreds digit of a?
5
Let o(z) be the third derivative of z**5/12 - z**4/4 + z**3/3 - 131*z**2. Suppose 0 = -y + 2*n - 3, -3*y + 6 = -0*y - n. What is the units digit of o(y)?
9
Let w(u) = 44*u - 169. Let b(v) = -220*v + 842. Let o(s) = -2*b(s) - 11*w(s). What is the tens digit of o(-6)?
3
Suppose 7*p = 2*p. Let x = p - -5. Suppose -m - x*m = -222. What is the units digit of m?
7
What is the ten thousands digit of 104815*(-40)/(-100) + 11?
4
What is the units digit of -2 - (695002/(-98) - 6/(-7))?
9
Let f = 46 + -63. Let x(i) = -8*i - 3. Let g(u) = 8*u + 2. Let o(r) = -6*g(r) - 5*x(r). What is the units digit of o(f)?
9
Let w = 259 - 286. What is the tens digit of w/108 + 1225/4?
0
Suppose 0 = 11*b - 0*b - 253. Let t(c) = c**2 - 18*c + 2. What is the units digit of t(b)?
7
Let l(i) = 27*i - 169. Let k(q) = q**2 + 9*q + 18. Let s be k(-10). What is the units digit of l(s)?
7
Let d be (4/(-16))/(-1) + 71/4. Suppose -14 = v - m, -v + 3*m = -0*v + d. What is the hundreds digit of 354/v*(-2 + -2)?
1
Let w be (-7)/(-14) - (-5)/(-2). Let u be 168/w*(-51)/68. What is the tens digit of 14/u - 376/(-9)?
4
Suppose -33*n + 54 + 45 = 0. Suppose y + 720 = -7*d + 8*d, -4*y + 2125 = n*d. What is the hundreds digit of d?
7
Let f(n) = -4*n - 74. Let u be f(-19). Suppose c - u*l = 239, -2*l = c - 0*c - 255. What is the hundreds digit of c?
2
Suppose -15 = 17*w + 36. What is the units digit of (0 + (w - -1))*(-2191)/14?
3
Suppose 5 = -39*l + 83. Let i = 38 + -64. What is the tens digit of (29/2)/(i/(-12) - l)?
8
Let f(p) = 77*p + 12912. What is the units digit of f(-152)?
8
Suppose -116*s - 100 = -106*s. What is the tens digit of 2*((-39025)/s)/7*1?
1
Let u(m) be the first derivative of -7*m - 6*m**3 - 1/4*m**4 + 15/2*m**2 - 24. What is the tens digit of u(-19)?
6
Let m be (-54 - -55)/((-2)/(-240)). Let l be 1/2 + 3/2. What is the units digit of ((-1)/l)/((-2)/m)?
0
Suppose -3*d = -4*f - 10597 - 20885, 3*d + 2*f - 31464 = 0. What is the hundreds digit of d?
4
Suppose -3*h + o = -0*o - 18, 4*h - 3*o = 29. Suppose h*p = 3*f + 59, 3*f + 7 = 3*p - 2*p. What is the tens digit of p?
1
Let g(q) = q - 13. Let l be g(19). Let r be ((-3)/l*-3)/(3/8). Suppose -3*d - 2*y = 2*y - 500, d + r*y = 164. What is the tens digit of d?
6
Suppose -16960 = -11*l + 21265. What is the hundreds digit of l?
4
Let m(q) = -1511*q - 383. What is the units digit of m(-4)?
1
Suppose 0 = 96*l - 25*l + 34*l - 1160250. What is the thousands digit of l?
1
What is the hundreds digit of (-11)/((-1320)/(-24)) - 81362/(-10)?
1
Suppose -3*s + 1851 + 1629 = 3*p, -s = -5*p - 1166. What is the thousands digit of s?
1
Let k(c) be the first derivative of 3*c**4/4 + c**3/3 - 11*c**2 - 8*c + 72. What is the hundreds digit of k(7)?
9
Let h = 